{"id":701,"date":"2012-07-04T22:56:55","date_gmt":"2012-07-04T22:56:55","guid":{"rendered":"https:\/\/www.kupschdiamant.de\/deutsch\/produkte\/diamantscheiben\/beton\/stahlbeton-fugenschneider-nasschnitt\/"},"modified":"2012-12-12T14:08:20","modified_gmt":"2012-12-12T14:08:20","slug":"stahlbeton-wandsage-nassschnitt-normalverzahnt","status":"publish","type":"page","link":"https:\/\/www.kupschdiamant.de\/deutsch\/produkte\/diamantscheiben\/beton\/stahlbeton-wandsage-nassschnitt-normalverzahnt\/","title":{"rendered":"Wands\u00e4ge Stahlbeton Premium Na\u00dfschnitt"},"content":{"rendered":"<table style=\"width: 548px;\" border=\"0\" cellspacing=\"3\" align=\"left\">\n<tbody>\n<tr valign=\"top\">\n<td><a href=\"https:\/\/www.kupschdiamant.de\/deutsch\/wp-content\/uploads\/2012\/07\/wandsaege-normal.jpg\"><img decoding=\"async\" class=\"alignnone  wp-image-678\" title=\"wandsaege-normal\" alt=\"\" src=\"https:\/\/www.kupschdiamant.de\/deutsch\/wp-content\/uploads\/2012\/07\/wandsaege-normal-300x294.jpg\" width=\"200\" srcset=\"https:\/\/www.kupschdiamant.de\/deutsch\/wp-content\/uploads\/2012\/07\/wandsaege-normal-300x294.jpg 300w, https:\/\/www.kupschdiamant.de\/deutsch\/wp-content\/uploads\/2012\/07\/wandsaege-normal.jpg 1024w\" sizes=\"(max-width: 300px) 100vw, 300px\" \/><\/a><\/td>\n<td><span style=\"color: #000000;\"><strong>Diamantscheibe<br \/> Wands\u00e4ge Stahlbeton Premium<\/strong><\/span><br \/> <span style=\"color: #000000;\"> <strong> Na\u00dfschnitt Normalverzahnt<\/strong><\/span><\/p>\n<p><span style=\"color: #000000;\"><span style=\"color: #0000ff;\"><strong>Anwendung: Beton, Stahlbeton, Mauerwerk<\/strong><\/span><br \/> Belagh\u00f6he: 10mm<br \/> \u00d8 400 &#8211; 2000 mm<\/span><\/p>\n<\/td>\n<\/tr>\n<tr valign=\"top\">\n<td colspan=\"2\">\n<p>Diamanttrennscheibe zum Schneiden von Beton\/Stahlbeton und Mauerwerk f\u00fcr den Einsatz<br \/> auf Elektro-, Hochfrequenz- und Hydraulikwands\u00e4gen.<\/p>\n<\/td>\n<\/tr>\n<\/tbody>\n<\/table>\n<p>&nbsp;<\/p>\n<p>&nbsp;<\/p>\n<p>&nbsp;<\/p>\n<p>&nbsp;<\/p>\n<p>&nbsp;<\/p>\n<p>&nbsp;<\/p>\n<p>&nbsp;<\/p>\n<p><span style=\"color: #000000;\">\u00a0<\/span><\/p>\n","protected":false},"excerpt":{"rendered":"<p>Diamantscheibe Wands\u00e4ge Stahlbeton Premium Na\u00dfschnitt Normalverzahnt Anwendung: Beton, Stahlbeton, Mauerwerk Belagh\u00f6he: 10mm \u00d8 400 &#8211; 2000 mm Diamanttrennscheibe zum Schneiden von Beton\/Stahlbeton und Mauerwerk f\u00fcr den Einsatz auf Elektro-, Hochfrequenz- und Hydraulikwands\u00e4gen. &nbsp; &nbsp; &nbsp; &nbsp; &nbsp; &nbsp; &nbsp; \u00a0<\/p>\n","protected":false},"author":4,"featured_media":0,"parent":191,"menu_order":0,"comment_status":"closed","ping_status":"closed","template":"","meta":{"footnotes":"","_links_to":"","_links_to_target":""},"class_list":["post-701","page","type-page","status-publish","hentry"],"_links":{"self":[{"href":"https:\/\/www.kupschdiamant.de\/deutsch\/wp-json\/wp\/v2\/pages\/701","targetHints":{"allow":["GET"]}}],"collection":[{"href":"https:\/\/www.kupschdiamant.de\/deutsch\/wp-json\/wp\/v2\/pages"}],"about":[{"href":"https:\/\/www.kupschdiamant.de\/deutsch\/wp-json\/wp\/v2\/types\/page"}],"author":[{"embeddable":true,"href":"https:\/\/www.kupschdiamant.de\/deutsch\/wp-json\/wp\/v2\/users\/4"}],"replies":[{"embeddable":true,"href":"https:\/\/www.kupschdiamant.de\/deutsch\/wp-json\/wp\/v2\/comments?post=701"}],"version-history":[{"count":14,"href":"https:\/\/www.kupschdiamant.de\/deutsch\/wp-json\/wp\/v2\/pages\/701\/revisions"}],"predecessor-version":[{"id":3583,"href":"https:\/\/www.kupschdiamant.de\/deutsch\/wp-json\/wp\/v2\/pages\/701\/revisions\/3583"}],"up":[{"embeddable":true,"href":"https:\/\/www.kupschdiamant.de\/deutsch\/wp-json\/wp\/v2\/pages\/191"}],"wp:attachment":[{"href":"https:\/\/www.kupschdiamant.de\/deutsch\/wp-json\/wp\/v2\/media?parent=701"}],"curies":[{"name":"wp","href":"https:\/\/api.w.org\/{rel}","templated":true}]}}