{"id":67,"date":"2012-07-03T11:35:30","date_gmt":"2012-07-03T11:35:30","guid":{"rendered":"http:\/\/www.kupschdiamant.de\/english\/?page_id=67"},"modified":"2012-07-04T08:45:39","modified_gmt":"2012-07-04T08:45:39","slug":"unternehmen","status":"publish","type":"page","link":"https:\/\/www.kupschdiamant.de\/deutsch\/unternehmen\/","title":{"rendered":"Unternehmen"},"content":{"rendered":"<p>Die Firma Kupsch GmbH besteht seit 1979 und besch\u00e4ftigt sich mit der Entwicklung, Herstellung, dem Vertrieb sowie dem Export von Diamantwerkzeugen und Diamantsegmenten.<\/p>\n<p>Neben Diamanttrennscheiben f\u00fcr Trockenschnitt und Na\u00dfschnitt umfasst das Lieferprogramm unserer Diamantwerkzeuge auch Diamantbohrkronen, Schleifwerkzeuge und Fr\u00e4swerkzeuge. Im Bereich Bodenschleifen werden verschiedenste Werkzeugformen angeboten. Die Diamantk\u00f6rnungen reichen von 6-8 ppc bis hin zu 3000 mech. Wir fertigen Diamantwerkzeuge aller Art f\u00fcr folgende Anwendungsbereiche:<\/p>\n<ul>\n<li>Asphalt<\/li>\n<li>Beton<\/li>\n<li>Feuerfest<\/li>\n<li>Fliesen<\/li>\n<li>Frischbeton<\/li>\n<li>Granit<\/li>\n<li>Kalksandstein<\/li>\n<li>Keramik<\/li>\n<li>Marmor<\/li>\n<li>Poroton<\/li>\n<li>Sandstein<\/li>\n<li>Schamotte<\/li>\n<li>Stahlbeton<\/li>\n<\/ul>\n<p>&nbsp;<\/p>\n<p>Aufgrund der betrieblichen Struktur ist die Firma Kupsch GmbH\u00a0 in der Lage, auf die gesonderten W\u00fcnsche und Anforderungen der Kunden einzugehen. Neben dem Standardprogramm k\u00f6nnen auch Sonderwerkzeuge f\u00fcr schwierigste Schneidprobleme geliefert werden.<\/p>\n<p>&nbsp;<\/p>\n<p>Die Entwicklungsabteilung der Firma Kupsch ist stets darum bem\u00fcht, das derzeit hohe Niveau der Werkzeuge noch weiter zu entwickeln und f\u00fcr den Kunden ein optimales Werkzeug zu schaffen.<\/p>\n<p>&nbsp;<\/p>\n<p>\u00dcberzeugen Sie sich von Qualit\u00e4t und Leistung der<\/p>\n<p><strong>Kupsch Diamantwerkzeuge GmbH \u00a0<\/strong><\/p>\n","protected":false},"excerpt":{"rendered":"<p>Die Firma Kupsch GmbH besteht seit 1979 und besch\u00e4ftigt sich mit der Entwicklung, Herstellung, dem Vertrieb sowie dem Export von Diamantwerkzeugen und Diamantsegmenten. Neben Diamanttrennscheiben f\u00fcr Trockenschnitt und Na\u00dfschnitt umfasst das Lieferprogramm unserer Diamantwerkzeuge auch Diamantbohrkronen, Schleifwerkzeuge und Fr\u00e4swerkzeuge. Im Bereich Bodenschleifen werden verschiedenste Werkzeugformen angeboten. Die Diamantk\u00f6rnungen reichen von 6-8 ppc bis hin zu [&hellip;]<\/p>\n","protected":false},"author":4,"featured_media":0,"parent":0,"menu_order":1,"comment_status":"closed","ping_status":"open","template":"","meta":{"footnotes":"","_links_to":"","_links_to_target":""},"class_list":["post-67","page","type-page","status-publish","hentry"],"_links":{"self":[{"href":"https:\/\/www.kupschdiamant.de\/deutsch\/wp-json\/wp\/v2\/pages\/67","targetHints":{"allow":["GET"]}}],"collection":[{"href":"https:\/\/www.kupschdiamant.de\/deutsch\/wp-json\/wp\/v2\/pages"}],"about":[{"href":"https:\/\/www.kupschdiamant.de\/deutsch\/wp-json\/wp\/v2\/types\/page"}],"author":[{"embeddable":true,"href":"https:\/\/www.kupschdiamant.de\/deutsch\/wp-json\/wp\/v2\/users\/4"}],"replies":[{"embeddable":true,"href":"https:\/\/www.kupschdiamant.de\/deutsch\/wp-json\/wp\/v2\/comments?post=67"}],"version-history":[{"count":12,"href":"https:\/\/www.kupschdiamant.de\/deutsch\/wp-json\/wp\/v2\/pages\/67\/revisions"}],"predecessor-version":[{"id":142,"href":"https:\/\/www.kupschdiamant.de\/deutsch\/wp-json\/wp\/v2\/pages\/67\/revisions\/142"}],"wp:attachment":[{"href":"https:\/\/www.kupschdiamant.de\/deutsch\/wp-json\/wp\/v2\/media?parent=67"}],"curies":[{"name":"wp","href":"https:\/\/api.w.org\/{rel}","templated":true}]}}